.
2, 11
Suppose d + 3*m = 94, 456 = 8*d - 3*d + m. What are the prime factors of d?
7, 13
Let j be (-23)/7 + 4/14. Let x be j + 1 + -2 - 2. What are the prime factors of 6*(3 - (-15)/x)?
3
Suppose 4*t - 15 = 129. What are the prime factors of t?
2, 3
Suppose -3*i + 22 = 2*s, s - 2*s + 9 = i. What are the prime factors of i?
2
Let f be 9/(-6)*(-8)/(-3). Let z(o) = -5*o + 3. Let b be z(f). Suppose 9 = -t + b. What are the prime factors of t?
2, 7
Let x = 12 - 24. Let p = x - -24. Suppose 0*v - p = -4*v. What are the prime factors of v?
3
Suppose 3*g = -15, 2*u - 4*g = -3*u - 45. Let j = u - -34. What are the prime factors of j?
3, 7
What are the prime factors of 1180/35 + (-4)/(-14)?
2, 17
Let z(q) be the third derivative of q**5/60 + q**4/3 + 4*q**3/3 + 4*q**2. What are the prime factors of z(-8)?
2
Let w = -11 - -79. Suppose -10*d = -6*d - w. List the prime factors of d.
17
Let p = -9 + 12. List the prime factors of p.
3
Let z = -4 + -6. Suppose 3*u + 0*u - 72 = 0. List the prime factors of (2 + u/z)*-25.
2, 5
Let a = 40 + -75. Suppose 12 = -3*p, 19 - 81 = 2*q + 4*p. Let i = q - a. List the prime factors of i.
2, 3
Suppose 11*f = 12*f - 3. What are the prime factors of f?
3
List the prime factors of 4 - -39 - 1*-3.
2, 23
Let j = -8 - -14. Let k(o) = o**2 - 7*o + 6. Let l be k(j). Suppose y - 3 = -l. List the prime factors of y.
3
Suppose -5*i = 5*t - 175, 4*t + 2*i - 52 = 82. Suppose n + 3*n = -2*g + t, 4*g + n - 57 = 0. Let z = g + 3. List the prime factors of z.
17
Suppose 0*j - 15 = 2*j + 5*q, 3*j = -q - 3. Suppose j*k - 4*k = -28. List the prime factors of k.
7
Let f = 33 + -11. Let y = f + -15. Suppose y*g = 2*g + 65. List the prime factors of g.
13
Suppose 8*y = 3*y + 10. What are the prime factors of y?
2
Suppose -4*t = -34 + 6. Suppose -4*r + t*r = 30. What are the prime factors of r?
2, 5
Let z = -75 + 140. What are the prime factors of z?
5, 13
Suppose -2*o - 2 = -2*t - o, -4*t - 2*o - 12 = 0. Let b be (t/(-3))/((-1)/(-12)). Suppose -b*l = -3*l - 4. List the prime factors of l.
2
Let a = -15 + 10. Let j = a - -7. Let v = 12 - j. What are the prime factors of v?
2, 5
Let g be (1 - 2)*-1 + 3. Suppose -g*q + 45 = 4*j - 27, 84 = 5*q + 2*j. What are the prime factors of q?
2
Suppose 2*x + 26 - 78 = 0. Suppose 4*z - 9 = z - 3*w, 3*z = 4*w - x. Let b = z + 10. List the prime factors of b.
2
Suppose 5*s + 2 - 22 = 0. Suppose 4*q = -d + 6*d - 43, q = s*d - 30. List the prime factors of d.
7
Suppose -3*z = 8 - 125. What are the prime factors of z?
3, 13
Suppose -2*b - 11 + 49 = 4*q, -q - 3*b = -2. Suppose a + 4*h - 2 = -0*h, 3*a = 4*h + 6. Suppose -q = u - a*u. List the prime factors of u.
11
Let b(f) = -2*f + 6. Suppose -w = -6 + 1. Let p be b(w). What are the prime factors of 2/1 + (p - -5)?
3
Let l = 0 - -6. Let i = -4 + l. Let j(r) = 6*r. What are the prime factors of j(i)?
2, 3
Let g be 4/10 + 96/10. Let i = g + -16. List the prime factors of 1/(-3) - 32/i.
5
What are the prime factors of 3 - (-18)/(-3 - 10/(-3))?
3, 19
Let u = 0 - 4. List the prime factors of u*(-3)/(-12)*-27.
3
Suppose 0 = -4*n - 0 + 8. What are the prime factors of (-3)/n - (-18)/4?
3
Suppose -3*z - 4 = -52. Suppose 0 = -3*k - 2*l + z, -2*k - 2*l = -7*k. Suppose -k*g + 74 = 4*j, -4*g = -g - 9. What are the prime factors of j?
17
Let v(c) = -82*c**3 + 2*c**2 - 1. Let p be v(1). Let l = p + 30. What are the prime factors of l*(1/3)/(-1)?
17
Let b(h) = -3*h + 12. Let j(w) = -w**3 - 5*w**2 - 2*w + 1. Let q be j(-4). List the prime factors of b(q).
3, 11
Let j(m) = -m**2 - 8*m - 7. Let d be j(-6). Suppose -1 = 2*w - d. List the prime factors of w.
2
Let u(c) = c**3 - 3*c**2 + 3*c. Let a(f) = 0*f**2 - f**3 + f + 3*f**3 - f**2. Let o be a(1). What are the prime factors of u(o)?
2
Suppose -3*h = 23 - 62. List the prime factors of h.
13
Suppose 0*l - 16 = -l - 3*f, -5*l + f = 0. Let p be (-1)/(2 + -3) + l. Suppose 0 = p*m - 4*m + 10, 5*q + 3*m = 40. What are the prime factors of q?
5
What are the prime factors of 124/6 + 2/6?
3, 7
Suppose 3*q - 52 = -4. What are the prime factors of q?
2
Let i(b) be the first derivative of 5*b**2/2 - 3*b - 2. Let u be i(2). Suppose 2*z - 3*n = -u, 3*z + z = -n + 21. List the prime factors of z.
2
Let v be ((-1)/(-3))/(-1)*-21. Suppose -4*m + 11 = -3*w - 2, 3*m - v = 5*w. Suppose 2 = 3*z - t, z + m*t + 2 = 5*t. List the prime factors of z.
2
Let f(k) = -12*k + 53. What are the prime factors of f(-18)?
269
Suppose -43 + 131 = 2*n. What are the prime factors of n?
2, 11
Suppose -2*r - r = 0. Suppose r*w + 6 = w. What are the prime factors of w?
2, 3
Suppose -7*a + 4*a + 78 = 3*j, -3*a + j = -82. List the prime factors of a.
3
Let q(d) = 8*d**2 + d - 1. What are the prime factors of q(2)?
3, 11
Let p(o) = o**2 + 5*o - 1. Let y be p(-4). Suppose -3*v = -2*v - 3. Let c = v - y. What are the prime factors of c?
2
Suppose n = 8*n - 1106. List the prime factors of n.
2, 79
Let y(m) = 3*m**3 + 3*m**2 - m + 5. What are the prime factors of y(4)?
241
Suppose 5*t = -2*n + 42, 2*t - 33 = -2*t - n. What are the prime factors of t?
2
Let u(q) = -q + 1. Let i be u(-3). Let k be i/(-14) - (-60)/14. Suppose 17 = k*t - 15. List the prime factors of t.
2
Let n(q) = -15*q + 33. Let w(a) = -9*a + 11. Let v(k) = 5*k - 6. Let i(m) = 7*v(m) + 4*w(m). Let z(r) = 33*i(r) - 2*n(r). What are the prime factors of z(-1)?
3
Suppose -s - 121 = -4*b, -3*b + s = -2*s - 93. What are the prime factors of b?
2, 3, 5
Let q be (-20)/8*(-4)/2. Suppose -q*u - 108 = -8*u. List the prime factors of u.
2, 3
Suppose 0 = f - 7 - 0. Suppose -s + f*t - 4*t + 49 = 0, 5*s - 245 = t. List the prime factors of s.
7
Suppose -21 = -5*d - 1. Suppose -4*z = -d, 4*c = -3*z + 31 + 12. What are the prime factors of c?
2, 5
Let z(y) = 2*y**2 + 6*y + 3 - y**2 + 1. Let j be z(-6). Let b = j - -5. List the prime factors of b.
3
Suppose 2 - 18 = -4*h. Suppose -h*p = -p - 33. List the prime factors of p.
11
Let v = 11 + -5. Suppose -v*k + 92 = -2*k. List the prime factors of k.
23
List the prime factors of 72/7 + (-26)/91.
2, 5
Let s(q) = 11*q**3 + 2*q**2 + q. Let g be s(-1). What are the prime factors of g/(-2) - (2 - 3)?
2, 3
Let a(m) = 3*m + 4. Let l(c) = -c**2 - c. Let j(h) = -a(h) - l(h). Let s = -2 + -1. List the prime factors of j(s).
11
Let o(a) be the third derivative of -a**6/60 - a**4/8 - a**3/6 - a**2. Let v be 0*(-4)/12 + -2. What are the prime factors of o(v)?
3, 7
Suppose -47 = -2*g + 3. List the prime factors of g.
5
Suppose -w = 4, -4*w = 5*j - 27 - 32. What are the prime factors of j?
3, 5
Let r be (-14 - -13) + (84 - 1). Suppose 5*m - r - 148 = 0. What are the prime factors of m?
2, 23
Let f(i) be the second derivative of -i**5/10 + i**4/2 - i**3/6 + 4*i**2 + 4*i. Let y be f(6). List the prime factors of (-3)/(-18) + y/(-12).
2, 3
Let w(r) = -2*r**2 + 10 + 11*r + 0 + r**2. Let m = 14 - 3. List the prime factors of w(m).
2, 5
Let u be -3 + (0 - 3) + -2. Let n(s) = s**2 + 3*s - 7. What are the prime factors of n(u)?
3, 11
Let s = -99 - -243. List the prime factors of s.
2, 3
Let g = 8 - -50. List the prime factors of g.
2, 29
Let o be (2 + -4)/(4/2). Let p be 2 - -1*(o + 2). Suppose -y + 24 = 5*z, -p*z = -2*y - y + 18. List the prime factors of y.
3
Suppose -a - 37 = 2*i, i - 3 = 2*a + 56. What are the prime factors of (-2)/(-4) + a/(-2)?
2
Let f = -20 + 37. List the prime factors of f.
17
Suppose 0 = -c + 6*c + 30. What are the prime factors of -3*5/c*4?
2, 5
Suppose 23 = 4*n - 4*t - 37, 0 = -2*n + t + 34. Let c = n - 10. Let k = -6 + c. List the prime factors of k.
3
Suppose 0*f - 210 = -3*f. List the prime factors of f.
2, 5, 7
Let b(p) = -p**2 + 2*p + 1. Suppose 2*i + 0*i + 5*r - 16 = 0, -5*r = -5*i + 5. Let o be b(i). Let k = 0 - o. What are the prime factors of k?
2
Let a be ((-8)/(-3))/4*-3. Suppose c = -r + 4*c - 2, -r - 8 = -c. Let v = a - r. What are the prime factors of v?
3
Let k = -16 - -29. What are the prime factors of 42/14 - (0 - k)?
2
Let s(l) = 3*l + 11 + l**2 - l**3 + 6*l**2 + 4*l. Let i be s(8). Suppose -i*k - 10 = -8*k. What are the prime factors of k?
2
Let g = 5 + -5. Suppose g = -3*i - 0*i + 18. What are the prime factors of i?
2, 3
Let c be (82/6 - 1)*3. Let k(q) = q**2 - 3*q + 4. Let p be k(3). Suppose -p*r = -10 - c. What are the prime factors of r?
2, 3
Suppos